se -10 = 2*s - 7*s. Determine o(s).
-2
Suppose 0 = 5*b, 4*t - 4*b - 11 = 5. Let j(k) = -k**2. Let w(p) = -3*p**2. Let o(s) = t*w(s) - 11*j(s). Let x be (3 - 3) + 0 + 1. Calculate o(x).
-1
Let b(v) be the second derivative of -v**4/12 + v**3/2 - 3*v**2/2 + 30*v. Determine b(4).
-7
Suppose 2*j - 2*f - 20 = 0, f = -4*j + 3*f + 32. Let t(a) be the second derivative of a**5/20 - 7*a**4/12 + a**3 + a**2/2 - 3*a. What is t(j)?
1
Let h(d) = -d + d - 2*d + 4. Suppose 0 = -4*v + 1 + 15. Calculate h(v).
-4
Suppose 4 = 4*s - 4. Let y(z) = -6*z - 26 - z**s + 26. Suppose -q - 37 = 4*q - 3*b, 0 = -4*q + b - 24. Determine y(q).
5
Let b(q) = q**2 - 8*q + 4. Let d(s) = 2 - 2 + s + 3. Let m be d(4). Determine b(m).
-3
Let w be (6 - 3)/((-3)/2). Let j be (1 - -1)/w + -3. Let v(i) = -8*i**2 + 2*i + 2. Let b(k) = -7*k**2 + k + 1. Let o(u) = -7*b(u) + 6*v(u). What is o(j)?
1
Let m(s) = s**2 - 4 - 7*s - 2*s + 11 + 0. Give m(6).
-11
Let k(n) = -13*n**3 - n**2 + 2*n - 1. Suppose 1 = -21*g + 22*g. Determine k(g).
-13
Let q(s) = 4*s + 1. Suppose -14 + 2 = 3*p. Let k be 3*p/6 + 1. Determine q(k).
-3
Let n(m) be the third derivative of 0 + 1/12*m**4 + 3/2*m**3 + 6*m**2 + 0*m. Calculate n(-6).
-3
Let d(t) = 15*t - 3*t**3 - 3 + 2*t**3 - 9*t + 4*t**2 - 9*t. Let j be d(3). Let o(x) = x**2 + 3*x - 2. Determine o(j).
-2
Let k be (-2)/10 - (-132)/(-15). Let d = k + 5. Let a be (5 - 5)/(1 + d). Let o(q) = q**3 + 6. Determine o(a).
6
Let k(q) = 11*q**3 - q**2 + 12*q - 6. Let r(l) = -2*l**3 - 2*l + 1. Let p(z) = k(z) + 5*r(z). Let o = -1 - 7. Let i = -6 - o. Give p(i).
7
Let u(s) = -s**3 + 7*s**2 + s - 9. Let j(m) = 2*m - 26 + 11 + 0*m. Let h be j(11). Give u(h).
-2
Let g(t) be the third derivative of t**5/40 + t**4/24 + 2*t**3/3 + 2*t**2. Let q(p) be the first derivative of g(p). Calculate q(-2).
-5
Let u(f) = 4*f**2 - 3*f + 0*f**2 + 2*f**2 + 2*f. Let q(m) = -2*m + 11. Let y be q(5). Give u(y).
5
Let b = 19 + -25. Let s(f) = f + 8. Let v be s(-11). Let c(t) = t**3 + 6*t**2 + 3*t + 7. Let o(h) = h + 1. Let p(u) = v*o(u) + c(u). Give p(b).
4
Let t(y) = y - 2. Let n be t(2). Let m be (-2)/4 - 5/(-2). Let q(a) = -m*a + n*a + 0*a. What is q(3)?
-6
Let d(v) = 64 + 3*v**2 + 64 + v**3 + 2*v - 125. Suppose s = -4*h - 3, -4 = s - h - 1. Give d(s).
-3
Let d(f) = -2*f + 1. Let s(m) = m + 1. Let h(q) = -d(q) + 2*s(q). Determine h(-1).
-3
Let u(d) be the third derivative of d**5/60 - 5*d**4/24 - 2*d**3/3 + 4*d**2. Let r be (3 - -2 - -1) + 0. Calculate u(r).
2
Let k(w) = -4*w - 9. Let l(p) = p - 1. Let j be l(-1). Let s(t) = t + 1. Let m(u) = j*s(u) - k(u). Determine m(-6).
-5
Let f(y) be the first derivative of 1/3*y**3 + 3/2*y**2 + 2 - 3*y. Determine f(-5).
7
Let b(v) = -3 + 3*v**2 + v**2 - 2*v**2 + v**3 + 2*v + 3*v**2. Give b(-4).
5
Suppose -3*h - 10 = -h. Let s(j) = 20*j**3 - 5*j**2 + 5*j - 5. Let r(w) = 7*w**3 - 2*w**2 + 2*w - 2. Let p(q) = -17*r(q) + 6*s(q). Calculate p(h).
-1
Let h = -9 + 5. Let j(w) = w**2 + 6*w + 4. What is j(h)?
-4
Let w(z) = -z**3 - 7*z**2 - 5*z. Let g be w(-6). Let d(y) be the third derivative of y**6/120 + y**5/10 + y**4/12 + y**3/2 + 23*y**2. Give d(g).
-9
Let i(z) be the second derivative of -z**3/3 + z**2 + 4*z. Let g be ((-3)/2)/(3/(-4)). What is i(g)?
-2
Let z = 94 - 90. Let g(b) = -6*b + 6. What is g(z)?
-18
Let a(z) = -z**2 - 7*z + 9. Let p(v) = -v**2 - 19 - 2*v**2 - 2*v**2 + 7*v**2 + 14*v. Let s(o) = -9*a(o) - 4*p(o). Determine s(-6).
-11
Let b be 0*(4/(-2))/(-4). Let l(h) be the third derivative of -2*h**2 - 1/15*h**5 - 1/8*h**4 + b*h - 1/6*h**3 - 1/60*h**6 + 0. Calculate l(-2).
5
Let k be (-14)/((-6)/3) + -3. Suppose -4*a = -a - 3, -a = -k*d + 7. Let j(m) = -m + 1. Give j(d).
-1
Suppose 3*g + 0 = -9. Let y(k) = 2 + 2*k + 0 - 5*k + 2*k. Calculate y(g).
5
Let s(r) be the second derivative of -r**3/6 - 3*r**2/2 + 13*r. What is s(4)?
-7
Let r(d) = -d**2 - d. Let u(j) = -j**3 - 6*j**2 - 3*j + 8. Let i be u(-5). Let v be 4/3*(-3)/i. What is r(v)?
-6
Let j(w) = w**2 + 9*w + 15. Let p be j(-7). Let n(k) = -6*k**3 + 2*k**2 - 1. Give n(p).
-5
Let j = -18 + 11. Let b be j + 1*6/3. Let q(l) = l - 1. Let k(n) = n. Let m(z) = -2*k(z) + 3*q(z). What is m(b)?
-8
Let j(b) = -b**2 - 8*b + 4. Suppose -2*g - 35 = 3*z, -3*z - 16 = z - 5*g. What is j(z)?
-5
Let m(g) = -g - 3*g**2 - g**3 - 5*g - 50 + 46 - 2*g**2. Determine m(-4).
4
Let z(l) = -l - 3. Let q be -2 - (0 + 1 - 40). Suppose -2*m = -3*w - 3 - q, -m + w + 20 = 0. Suppose -5*h - m = -5*c, -2*h - 2*h = -c + 19. What is z(h)?
2
Let w(p) = -2*p**2 - 4*p - 3. Let k(j) be the second derivative of -j**3/6 + j**2/2 - 2*j. Let l be k(3). Give w(l).
-3
Let s be 76/18 + 4/(-18). Let g(f) = 1. Let z(v) = -4*v + 3. Let h(q) = 3*q - 4. Let c(y) = 3*h(y) + 2*z(y). Let d(l) = c(l) + 3*g(l). Give d(s).
1
Let a(c) be the second derivative of 2*c**3/3 + 2*c**2 - 5*c. What is a(-4)?
-12
Let z(h) = -h**3 - 4*h**2 - 3*h - 4. Let i = 1 - 0. Let j = -4 + i. Let p be z(j). Let x(d) = d + 1. Calculate x(p).
-3
Let a(s) = -s**3 + s**2 - 18. Let o be 0/((-1 + 3)/2). What is a(o)?
-18
Let k(s) be the first derivative of s**2 + 7*s - 1. Give k(-5).
-3
Let o(v) = -v**3 - v**2 - v + 1. Let i(u) = -6*u**3 - 11*u**2 + u - 2. Let x(y) = i(y) - 5*o(y). Calculate x(-7).
0
Let g(f) = -f**3 - f**2 + 3*f - 1. Let m be g(2). Let h = -5 - m. Let z(p) = p**2 + p - 1. Give z(h).
5
Let c(i) be the first derivative of -i**4/24 - i**3/6 + i**2/2 - 4. Let q(k) be the second derivative of c(k). What is q(0)?
-1
Let z = 0 + 3. Let d(o) = -z - 6*o**2 - 6*o + 0*o**2 + 3*o**2 + 4*o. What is d(-2)?
-11
Let x(l) = l**3 - 4*l**2 - 5*l - 1. Suppose -3*v + 41 + 1 = 0. Let z = v - 9. Give x(z).
-1
Let s(l) = -5*l**2 + l + 2. Let k be s(-1). Let i(j) = -j - 5. What is i(k)?
-1
Let h = -13 + 7. Let t(j) = j**3 + 6*j**2 + 2. Let r be t(h). Suppose -d = 3*a + 2, r = -d - d - 5*a. Let c(w) = -w**3 + 4*w**2 + 2*w - 4. Determine c(d).
4
Let j be 12*(0 + 3/6). Let v(z) = z**3 - 5*z**2 - 7*z + 3. What is v(j)?
-3
Let n(t) = -4 - 67*t + 68*t + 1. Calculate n(-2).
-5
Suppose 0 = -3*j - 5*m + 1, 4*j - 4*m - 10 - 2 = 0. Suppose 8 = j*i - 0. Let x(n) be the third derivative of n**4/24 - n**3/2 + 10*n**2. Give x(i).
1
Let n(q) = 7 + 1 + q**2 - 7*q - 1. Let p be 1/(-1) - -4 - -2. Calculate n(p).
-3
Let l(o) = o**2 - 4*o + 1. Suppose v = -5*m - v + 17, 5*m - 19 = -4*v. Calculate l(m).
-2
Let f = -2 + 8. Suppose 3*u - f = -0. Let c(r) = u*r**2 + 10*r**3 + 0*r**2 + 3 - 9*r**3. Give c(-3).
-6
Suppose 4*l + 12 = l. Let q(a) be the second derivative of a**4/12 + a**3 + a**2/2 - a + 10. Determine q(l).
-7
Let z be (-30)/(-4)*(-4)/(-6). Suppose -h + 18 - 44 = -z*n, 0 = -h + 4. Let l(s) = -s**3 + 7*s**2 - 6*s + 9. Give l(n).
9
Suppose -7*l - 15 = 4*r - 2*l, l = -4*r - 19. Let t(v) = -v**3 - 6*v**2 - 6*v + 2. Give t(r).
7
Let v(p) = -p + 3. Let i be 9/(-6)*8/(-3). Suppose 4*t - 35 = -i*h - t, -2*h - 2*t = -16. Calculate v(h).
-2
Let w(g) be the third derivative of 5*g**4/24 + 15*g**2. Let z(v) = -v**3 - v**2 - v. Let i be (-2)/(-9) - 22/18. Let a be z(i). Determine w(a).
5
Let g(f) = -3*f - 7. Let k = 1 - 7. Calculate g(k).
11
Suppose 6*v = 3*v + 6. Suppose 3*h = 0, 2*p - h + 0 = 8. Let j(a) = p*a + 0*a**v + 0*a**2 + 2*a**2. Calculate j(-3).
6
Suppose 3*i = -3*f, 3*f - 3 = -5*i - f. Let k(g) = 4*g - i*g - 2*g. Calculate k(4).
-4
Let l(v) = 2*v + 3. Let a(t) = t**2 + 13*t - 3. Let o be a(-13). Give l(o).
-3
Let j(k) = 2*k**2 - k**2 + 1 + 1 - 6*k + 0. Let a(u) = -2*u**2 + 12*u - 3. Let y(r) = 4*a(r) + 9*j(r). What is y(5)?
1
Let y(h) = -16*h + 4. Let m(j) = 3*j - 1. Let d(z) = -11*m(z) - 2*y(z). What is d(2)?
1
Let b(o) = 2*o**3 + 2*o**2 - 2*o - 2. Suppose -p - 5 = -5*v + 2*p, 0 = -5*v - 3*p - 25. What is b(v)?
-6
Let r(d) = -d**2 + 8*d - 9. Let s be r(6). Suppose 3*w = -5*c - 7 - 3, 0 = 4*w + 20. Let n(a) = c + 5*a**2 - 3*a - 2*a**2 - 2*a**2. Determine n(s).
1
Let k(p) = 8*p - 1. Let z(o) = 8*o - 1. Let i(b) = 3*k(b) - 2*z(b). Determine i(2).
15
Let x(i) = 2*i - 4*i - 4*i + 4*i**3 + 6*i**2 - 5*i**3 + 1. Give x(5).
-4
Let k(l) = -l**2 - 2*l - 1. Suppose 0 = 11*t - 14*t - 3. Calculate k(t).
0
Let o(y) = 3*y**3 - 3*y**2 + 6*y + 11. Let l(u) = 2*u**3 - 2*u**2 + 3*u + 6. Let x(q) = 5*l(q) - 3*o(q). Calculate x(-2).
-9
Let i(w) = -w**3 + 8*w**2 + 8. Let d(a) = -a + 8. Let u be d(0). Give i(u).
8
Let s(i) 